{"version":"1.0","provider_name":"BG BRG Lilienfeld","provider_url":"https:\/\/bglilienfeld.ac.at\/cms_wordpress","author_name":"Administrator","author_url":"https:\/\/bglilienfeld.ac.at\/cms_wordpress\/author\/administrator\/","title":"Spendenaktion f\u00fcr die Ukraine - BG BRG Lilienfeld","type":"rich","width":600,"height":338,"html":"<blockquote class=\"wp-embedded-content\" data-secret=\"p4v78HjTeQ\"><a href=\"https:\/\/bglilienfeld.ac.at\/cms_wordpress\/2022\/03\/15\/spendenaktion-fuer-die-ukraine\/\">Spendenaktion f\u00fcr die Ukraine<\/a><\/blockquote><iframe sandbox=\"allow-scripts\" security=\"restricted\" src=\"https:\/\/bglilienfeld.ac.at\/cms_wordpress\/2022\/03\/15\/spendenaktion-fuer-die-ukraine\/embed\/#?secret=p4v78HjTeQ\" width=\"600\" height=\"338\" title=\"&#8222;Spendenaktion f\u00fcr die Ukraine&#8220; &#8212; BG BRG Lilienfeld\" data-secret=\"p4v78HjTeQ\" frameborder=\"0\" marginwidth=\"0\" marginheight=\"0\" scrolling=\"no\" class=\"wp-embedded-content\"><\/iframe><script type=\"text\/javascript\">\n\/* <![CDATA[ *\/\n\/*! This file is auto-generated *\/\n!function(d,l){\"use strict\";l.querySelector&&d.addEventListener&&\"undefined\"!=typeof URL&&(d.wp=d.wp||{},d.wp.receiveEmbedMessage||(d.wp.receiveEmbedMessage=function(e){var t=e.data;if((t||t.secret||t.message||t.value)&&!\/[^a-zA-Z0-9]\/.test(t.secret)){for(var s,r,n,a=l.querySelectorAll('iframe[data-secret=\"'+t.secret+'\"]'),o=l.querySelectorAll('blockquote[data-secret=\"'+t.secret+'\"]'),c=new RegExp(\"^https?:$\",\"i\"),i=0;i<o.length;i++)o[i].style.display=\"none\";for(i=0;i<a.length;i++)s=a[i],e.source===s.contentWindow&&(s.removeAttribute(\"style\"),\"height\"===t.message?(1e3<(r=parseInt(t.value,10))?r=1e3:~~r<200&&(r=200),s.height=r):\"link\"===t.message&&(r=new URL(s.getAttribute(\"src\")),n=new URL(t.value),c.test(n.protocol))&&n.host===r.host&&l.activeElement===s&&(d.top.location.href=t.value))}},d.addEventListener(\"message\",d.wp.receiveEmbedMessage,!1),l.addEventListener(\"DOMContentLoaded\",function(){for(var e,t,s=l.querySelectorAll(\"iframe.wp-embedded-content\"),r=0;r<s.length;r++)(t=(e=s[r]).getAttribute(\"data-secret\"))||(t=Math.random().toString(36).substring(2,12),e.src+=\"#?secret=\"+t,e.setAttribute(\"data-secret\",t)),e.contentWindow.postMessage({message:\"ready\",secret:t},\"*\")},!1)))}(window,document);\n\/\/# sourceURL=https:\/\/bglilienfeld.ac.at\/cms_wordpress\/wp-includes\/js\/wp-embed.min.js\n\/* ]]> *\/\n<\/script>\n","thumbnail_url":"https:\/\/bglilienfeld.ac.at\/cms_wordpress\/wp-content\/uploads\/2022\/03\/Vorschaubild.jpg","thumbnail_width":1024,"thumbnail_height":1024,"description":"Die Jugendorganisationen N\u00d6 starteten die Initiative \u201eBlau-gelb hilft blau-gelb\u201c gemeinsam mit dem Zivilschutzverband N\u00d6. Im Bezirk Lilienfeld setzten die Initiative die Landjugend und die Junge \u00d6VP um, unterst\u00fctzt wurden sie dabei von BR Karl Bader, den B\u00e4uerinnen und dem Transportunternehmer Johannes Trost. Als das Gymnasium Lilienfeld davon erfuhr, wollte die Schulgemeinschaft ihren Beitrag dazu leisten. Nach Information an die Eltern &hellip; Continue reading \"\""}

Spendenaktion für die Ukraine - BG BRG Lilienfeld

<blockquote class="wp-embedded-content" data-secret="p4v78HjTeQ"><a href="https://bglilienfeld.ac.at/cms_wordpress/2022/03/15/spendenaktion-fuer-die-ukraine/">Spendenaktion für die Ukraine</a></blockquote><iframe sandbox="allow-scripts" security="restricted" src="https://bglilienfeld.ac.at/cms_wordpress/2022/03/15/spendenaktion-fuer-die-ukraine/embed/#?secret=p4v78HjTeQ" width="600" height="338" title="&#8222;Spendenaktion für die Ukraine&#8220; &#8212; BG BRG Lilienfeld" data-secret="p4v78HjTeQ" frameborder="0" marginwidth="0" marginheight="0" scrolling="no" class="wp-embedded-content"></iframe><script type="text/javascript">
/* <![CDATA[ */
/*! This file is auto-generated */
!function(d,l){"use strict";l.querySelector&&d.addEventListener&&"undefined"!=typeof URL&&(d.wp=d.wp||{},d.wp.receiveEmbedMessage||(d.wp.receiveEmbedMessage=function(e){var t=e.data;if((t||t.secret||t.message||t.value)&&!/[^a-zA-Z0-9]/.test(t.secret)){for(var s,r,n,a=l.querySelectorAll('iframe[data-secret="'+t.secret+'"]'),o=l.querySelectorAll('blockquote[data-secret="'+t.secret+'"]'),c=new RegExp("^https?:$","i"),i=0;i<o.length;i++)o[i].style.display="none";for(i=0;i<a.length;i++)s=a[i],e.source===s.contentWindow&&(s.removeAttribute("style"),"height"===t.message?(1e3<(r=parseInt(t.value,10))?r=1e3:~~r<200&&(r=200),s.height=r):"link"===t.message&&(r=new URL(s.getAttribute("src")),n=new URL(t.value),c.test(n.protocol))&&n.host===r.host&&l.activeElement===s&&(d.top.location.href=t.value))}},d.addEventListener("message",d.wp.receiveEmbedMessage,!1),l.addEventListener("DOMContentLoaded",function(){for(var e,t,s=l.querySelectorAll("iframe.wp-embedded-content"),r=0;r<s.length;r++)(t=(e=s[r]).getAttribute("data-secret"))||(t=Math.random().toString(36).substring(2,12),e.src+="#?secret="+t,e.setAttribute("data-secret",t)),e.contentWindow.postMessage({message:"ready",secret:t},"*")},!1)))}(window,document);
//# sourceURL=https://bglilienfeld.ac.at/cms_wordpress/wp-includes/js/wp-embed.min.js
/* ]]> */
</script>

Die Jugendorganisationen NÖ starteten die Initiative „Blau-gelb hilft blau-gelb“ gemeinsam mit dem Zivilschutzverband NÖ. Im Bezirk Lilienfeld setzten die Initiative die Landjugend und die Junge ÖVP um, unterstützt wurden sie dabei von BR Karl Bader, den Bäuerinnen und dem Transportunternehmer Johannes Trost. Als das Gymnasium Lilienfeld davon erfuhr, wollte die Schulgemeinschaft ihren Beitrag dazu leisten. Nach Information an die Eltern &hellip; Continue reading ""
