{"id":307,"date":"2020-02-03T14:24:01","date_gmt":"2020-02-03T13:24:01","guid":{"rendered":"http:\/\/bglilienfeld.ac.at\/cms_wordpress\/?page_id=307"},"modified":"2025-11-20T12:04:03","modified_gmt":"2025-11-20T11:04:03","slug":"elternverein","status":"publish","type":"page","link":"https:\/\/bglilienfeld.ac.at\/cms_wordpress\/elternverein\/","title":{"rendered":"Elternverein"},"content":{"rendered":"<div class=\"\" style=\"\" >\n    \n    <section class=\"u-black u-clearfix u-section-2\" id=\"sec-79a8\">\n      <div class=\"u-clearfix u-sheet u-sheet-1\"><\/div>\n    <\/section>\n    <section class=\"u-align-center-lg u-align-center-md u-align-center-sm u-align-center-xl u-align-left-xs u-clearfix u-white u-section-3\" id=\"sec-162e\">\n      <div class=\"u-clearfix u-sheet u-sheet-1\">\n        <h1 class=\"u-custom-font u-font-playfair-display u-text u-text-1\">Herzlich Willkommen beim Elternverein des Gymnasiums Lilienfeld!<\/h1>\n        <p class=\"u-align-left-lg u-align-left-md u-align-left-sm u-align-left-xl u-custom-font u-font-raleway u-text u-text-2\" target=\"_blank\"> Der Elternverein m\u00f6chte Eltern und Sch\u00fclerInnen w\u00e4hrend der\nSchulzeit begleiten, mit Rat, Hilfe und Informationen zur Seite stehen, um die\nSchulzeit so angenehm wie m\u00f6glich zu gestalten. Wir verstehen uns als\nBindeglied zwischen Elternhaus und Schule.\nWo unterst\u00fctzen wir? <br>\n        <\/p>\n        <h1 class=\"u-align-left-lg u-align-left-md u-align-left-sm u-align-left-xl u-text u-text-3\">Wo unterst\u00fctzen wir?<br>\n        <\/h1>\n        <p class=\"u-align-left-lg u-align-left-md u-align-left-sm u-align-left-xl u-custom-font u-font-raleway u-text u-text-4\" target=\"_blank\"><b>Nachhilfe von Sch\u00fclerInnen\nf\u00fcr Sch\u00fclerInnen<\/b>\n          <br>\n          <br>Wir haben\nein internes Nachhilfe-System ins Leben gerufen, bei dem ausgesuchte Sch\u00fclerInnen\nNachhilfe geben. Die Nachhilfestunde kostet einheitlich EUR 15,-. Der\nElternverein erstattet EUR 5,- pro Stunde zur\u00fcck.&nbsp;<br>\n          <br>So geht\u00b4s:&nbsp;<br>\n        <\/p>\n        <ol class=\"u-align-left-lg u-align-left-md u-align-left-xl u-text u-text-5\">\n          <li>Auswahl aus der Liste der Nachhilfe gebenden Sch\u00fclerInnen<\/li>\n          <li>Direkte Kontaktaufnahme und Terminvereinbarung<\/li>\n          <li>Download des Formulars <a href=\"https:\/\/bglilienfeld.ac.at\/cms_wordpress\/wp-content\/uploads\/2022\/09\/Abrechnung-Nachhilfe-2.2.pdf\" class=\"u-active-none u-border-none u-btn u-button-link u-button-style u-file-link u-hover-none u-none u-text-palette-1-base u-btn-1\" target=\"_blank\">Nachhilfe \u2013 Sch\u00fcler f\u00fcr Sch\u00fcler<\/a>\n          <\/li>\n          <li>Bezahlung von EUR 15,- an den \u201cLehrer\u201d, beide best\u00e4tigen per Unterschrift<\/li>\n          <li>Nach einem oder mehreren Terminen das fertig ausgef\u00fcllte Formuar an uns senden&nbsp;<\/li>\n          <li>Wir erstatten 1\/3 des bezahlten Betrags auf das angegebene Konto zur\u00fcck<\/li>\n        <\/ol>\n        <p class=\"u-align-left u-text u-text-6\">Die Liste\nder Nachhilfe gebenden Sch\u00fclerInnen ist \u00fcber das Sekretariat oder den\nSchulsprecher erh\u00e4ltlich.&nbsp;<\/p>\n        <p class=\"u-align-left u-text u-text-7\"><b>Unterst\u00fctzungsansuchen\nf\u00fcr schulinterne Veranstaltungen<\/b>&nbsp;<br>\n          <br>Der Elternverein unterst\u00fctzt au\u00dferdem jene Eltern, bei denen\nes gerade \u201eeng\u201c ist, damit ihre Kinder trotzdem an Schulveranstaltungen\n(Schikurse, Sportwochen, etc.) teilnehmen k\u00f6nnen. Das Ziel dabei ist die\nKlassengemeinschaft auch bei kostspieligen Reisen zusammen zu halten.&nbsp;<br>\n          <br>Verwenden Sie dazu bitte dieses Formular<br>\n          <br><i>\n            <a href=\"https:\/\/bglilienfeld.ac.at\/cms_wordpress\/wp-content\/uploads\/2020\/03\/Unterstuetzungsansuchen-2.2.pdf\" class=\"u-active-none u-border-none u-btn u-button-link u-button-style u-file-link u-hover-none u-none u-text-palette-1-base u-btn-2\" target=\"_blank\">Formular f\u00fcr Unterst\u00fctzungsansuchen<\/a><\/i>\n          <br>\n          <br>und senden es ausgef\u00fcllt und ganz diskret an die\nE-Mail-Adresse&nbsp;<br>\n          <br><i>\n            <a href=\"mailto:Ansuchen-EV-BGLF@gmx.at?subject=Unterst\u00fctzungsansuchen\" class=\"u-active-none u-border-none u-btn u-button-link u-button-style u-hover-none u-none u-text-palette-1-base u-btn-3\">Ansuchen-EV-BGLF@gmx.at<\/a><\/i>&nbsp;<br>\n          <br>oder an ein u.a. Vorstandsmitglied. Wir pr\u00fcfen die Angaben\nund nehmen mit Ihnen pers\u00f6nlich Kontakt auf.&nbsp;&nbsp;\n        <\/p>\n      <\/div>\n    <\/section>\n    <section class=\"u-clearfix u-section-4\" id=\"sec-f8b4\">\n      <div class=\"u-clearfix u-sheet u-sheet-1\">\n        <p class=\"u-text u-text-1\"><b>Anschaffungen f\u00fcr den\nSchulbetrieb<\/b>&nbsp;<br>\n          <br>In den letzten Jahren haben wir gemeinsam mit dem F\u00f6rderverein\neine Airtrack-Matte angeschafft, die sich im Turnunterricht gro\u00dfer Beliebtheit\nerfreut. Es konnte daraufhin ein eigenes Freifach ins Leben gerufen werden. Die W\u00fcrmer in unseren Wurmkisten\nsind wohlauf \u2013 sie liefern Erde f\u00fcr die im Werkunterricht konstruierten\nHochbeete. F\u00fcr den Schwimmunterricht haben wir ausreichend Utensilien angeschafft,\nsomit ist die Schule nicht mehr von Schwimmb\u00e4dern mit entsprechendem Inventar\nabh\u00e4ngig.\n        <\/p>\n        <p class=\"u-text u-text-default u-text-2\"><b>SGA\n(Schulgemeinschaftsausschuss)<\/b>&nbsp;<br>\n          <br>An h\u00f6heren Schulen gibt es einen Schulgemeinschaftsausschuss\n(SGA). Diesem geh\u00f6ren jeweils 3 Vertreter von LehrerInnen, Sch\u00fclerInnen, vom\nElternverein und nat\u00fcrlich der Herr Direktor an.\nWenn Sie ein klassen\u00fcbergreifendes Anliegen haben, bitte\ndieses \u00fcber Ihren Klassenelternvertreter oder nat\u00fcrlich auch gerne pers\u00f6nlich\nan ein Vorstandsmitglied weiterleiten. Wir sind stets bem\u00fcht auf konstruktiver\nBasis eine f\u00fcr jede Seite zufriedenstellende L\u00f6sung zu finden.&nbsp;&nbsp;\n        <\/p>\n        <p class=\"u-text u-text-3\"><b>Elternvertretung<\/b>&nbsp;<br>\n          <br>Der\nElternverein ist f\u00fcr die L\u00f6sung von klassen\u00fcbergreifenden Angelegenheiten\nzust\u00e4ndig. Daf\u00fcr sind wir auf ElternverterInnen angewiesen, die bei den einmal\nim Semester stattfindenden Abenden die jeweilige Anliegen der Klasse einbringen.\nN\u00e4here\nInformationen finden Sie im Flyer, bei Interesse oder Fragen wenden Sie sich\ngern an den Vorstand.&nbsp;<i>\n            <br>\n            <br>\n            <a href=\"https:\/\/bglilienfeld.ac.at\/cms_wordpress\/wp-content\/uploads\/2025\/02\/Flyer-Elternvertreter-2025-26.pdf\" class=\"u-active-none u-border-none u-btn u-button-link u-button-style u-file-link u-hover-none u-none u-text-palette-1-base u-btn-1\" target=\"_blank\">Flyer \u201cElternvertretung\u201d<\/a><\/i>\n          <br>\n        <\/p>\n        <p class=\"u-text u-text-default u-text-4\"><b>Statuten:&nbsp;<\/b>\n          <br>\n          <br>Gerne\nk\u00f6nnen Sie Einsicht in unsere Statuten nehmen, die hier zum Download zur\nVerf\u00fcgung stehen.&nbsp;<br>\n          <br>\n          <a href=\"https:\/\/bglilienfeld.ac.at\/cms_wordpress\/wp-content\/uploads\/2022\/09\/StatutenElternverein1.4_sign.pdf\" class=\"u-active-none u-border-none u-btn u-button-link u-button-style u-file-link u-hover-none u-none u-text-palette-1-base u-btn-2\" target=\"_blank\"><i>Statuten des Elternvereins<\/i>&nbsp;\n          <\/a> &nbsp;&nbsp;<br>\n          <br><b>Mitgliedschaft<\/b>&nbsp;<br>\n          <br>Damit wir f\u00fcr die Schulgemeinschaft weiterhin einen Mehrwert\nbeitragen k\u00f6nnen, ist Ihre gesch\u00e4tzte Unterst\u00fctzung notwendig. Der\nMitgliedsbeitrag kommt letztendlich den Sch\u00fclerinnen und Sch\u00fclern zugute.&nbsp; &nbsp;&nbsp;<br>\n          <br>Der Mitgliedsbeitrag betr\u00e4gt derzeit \u20ac 20,- pro Schuljahr\nund Familie. Wenn mehrere Kinder aus einer Familie unsere Schule besuchen,\nzahlt immer nur ein Kind. \u00dcber Spenden freuen wir uns nat\u00fcrlich sehr.&nbsp; &nbsp;&nbsp;<br>\n          <br>Unsere Kontoverbindung lautet:&nbsp;<br>\n          <br>IBAN: AT533244700000009795&nbsp;<br>BIC: RLNWATWWLFD&nbsp;<br>Empf\u00e4nger: Elternverein Lilienfeld&nbsp;<br>Verwendungszweck: \u201eVorname Nachname Klasse\u201c MGB EV\nLilienfeld&nbsp; &nbsp;&nbsp;<br>\n          <br>Herzlichen Dank f\u00fcr Ihre Unterst\u00fctzung!&nbsp;&nbsp;<br>\n          <br>Das Team des Elternvereins arbeitet freiwillig und\nunentgeltlich. Wer gerne mitwirken m\u00f6chte, wendet sich bitte an ein\nVorstandsmitglied!&nbsp; &nbsp;&nbsp;<br>\n          <br>Ein erfolgreiches Schuljahr allen Sch\u00fclerInnen, LehrerInnen\nund Eltern w\u00fcnscht\n&nbsp;&nbsp;<br>\n          <br>Karl-Peter Bacher &amp; das Team des Elternvereins!&nbsp;&nbsp;<br>\n        <\/p>\n      <\/div>\n    <\/section>\n    <section class=\"u-align-left u-clearfix u-container-align-left u-section-5\" id=\"sec-78c3\">\n      <div class=\"u-clearfix u-sheet u-sheet-1\">\n        <p class=\"u-text u-text-1\"><u style=\"\">Der Vorstand im Schuljahr 2024\/25<\/u>\n        <\/p>\n        <p class=\"u-text u-text-2\"><b><\/b><b>Obmann<\/b>\n          <br> Karl-Peter Bacher<br> 0650 7085858<br>\n          <a href=\"mailto:KarlPeter.Bacher@cflex.com\" class=\"u-active-none u-border-none u-btn u-button-link u-button-style u-hover-none u-none u-text-palette-1-base u-btn-1\">KarlPeter.Bacher@cflex.com<\/a>\n          <br>\n          <br><b>Obmann Stellvertreter<\/b>\n          <br> Christoph Seitlinger<br>\n          <a href=\"mailto:christoph@seitlinger.co.at\" class=\"u-active-none u-border-none u-btn u-button-link u-button-style u-hover-none u-none u-text-palette-1-base u-btn-2\">christoph@seitlinger.co.at&nbsp;<\/a>\n          <br>\n          <br><b>Schriftf\u00fchrerin<br><\/b>Melanie Berger<br>\n          <a href=\"mailto:berger_melanie@hotmail.com\" title=\"mailto:berger_melanie@hotmail.com\" class=\"u-active-none u-border-none u-btn u-button-style u-hover-none u-none u-text-palette-1-base u-btn-3\">berger_melanie@hotmail.com<\/a>\n          <br> &nbsp;<br><b>Schriftf\u00fchrerin Stellvertreter<\/b>\n          <br>Mikko D\u00f6ller<br>\n          <br>\n          <a href=\"mailto:mikko.doller@gmx.at\" class=\"u-active-none u-border-none u-btn u-button-link u-button-style u-hover-none u-none u-text-palette-1-base u-btn-4\">mikko.doller@gmx.at<\/a>\n          <br>\n          <br><b>Kassierin<\/b>\n          <br>Karin Weber<br> 0676 6098283<br>\n          <a href=\"mailto:karin.weber2@erstegroup.com\" class=\"u-active-none u-border-none u-btn u-button-style u-hover-none u-none u-text-palette-1-base u-btn-5\">karin.weber2@erstegroup.com<\/a>&nbsp;<br>\n          <br><b>Kassierin Stellvertreter<\/b>\n          <br> Christian Mosb\u00f6ck<br>\n          <a href=\"mailto:Christian@mosboeck.at\" class=\"u-active-none u-border-none u-btn u-button-link u-button-style u-hover-none u-none u-text-palette-1-base u-btn-6\">Christian@mosboeck.at&nbsp;<\/a>\n          <br>\n          <br>\n          <br>\n        <\/p>\n      <\/div>\n    <\/section>\n    \n    \n    \n  \n<\/div>","protected":false},"excerpt":{"rendered":"<p>Herzlich Willkommen beim Elternverein des Gymnasiums Lilienfeld! Der Elternverein m\u00f6chte Eltern und Sch\u00fclerInnen w\u00e4hrend der Schulzeit begleiten, mit Rat, Hilfe und Informationen zur Seite stehen, um die Schulzeit so angenehm wie m\u00f6glich zu gestalten. Wir verstehen uns als Bindeglied zwischen Elternhaus und Schule. Wo unterst\u00fctzen wir? Wo unterst\u00fctzen wir? Nachhilfe von Sch\u00fclerInnen f\u00fcr Sch\u00fclerInnen Wir haben ein internes Nachhilfe-System ins &hellip; <a href=\"https:\/\/bglilienfeld.ac.at\/cms_wordpress\/elternverein\/\" class=\"more-link\">Continue reading<span class=\"screen-reader-text\"> &#8222;Elternverein&#8220;<\/span><\/a><\/p>\n","protected":false},"author":1,"featured_media":0,"parent":0,"menu_order":0,"comment_status":"closed","ping_status":"closed","template":"","meta":{"ngg_post_thumbnail":0,"footnotes":""},"class_list":["post-307","page","type-page","status-publish","hentry"],"yoast_head":"<!-- This site is optimized with the Yoast SEO plugin v27.3 - https:\/\/yoast.com\/product\/yoast-seo-wordpress\/ -->\n<title>Elternverein - BG BRG Lilienfeld<\/title>\n<meta name=\"robots\" content=\"index, follow, max-snippet:-1, max-image-preview:large, max-video-preview:-1\" \/>\n<link rel=\"canonical\" href=\"https:\/\/bglilienfeld.ac.at\/cms_wordpress\/elternverein\/\" \/>\n<meta property=\"og:locale\" content=\"de_DE\" \/>\n<meta property=\"og:type\" content=\"article\" \/>\n<meta property=\"og:title\" content=\"Elternverein - BG BRG Lilienfeld\" \/>\n<meta property=\"og:description\" content=\"Herzlich Willkommen beim Elternverein des Gymnasiums Lilienfeld! Der Elternverein m\u00f6chte Eltern und Sch\u00fclerInnen w\u00e4hrend der Schulzeit begleiten, mit Rat, Hilfe und Informationen zur Seite stehen, um die Schulzeit so angenehm wie m\u00f6glich zu gestalten. Wir verstehen uns als Bindeglied zwischen Elternhaus und Schule. Wo unterst\u00fctzen wir? Wo unterst\u00fctzen wir? Nachhilfe von Sch\u00fclerInnen f\u00fcr Sch\u00fclerInnen Wir haben ein internes Nachhilfe-System ins &hellip; Continue reading &quot;Elternverein&quot;\" \/>\n<meta property=\"og:url\" content=\"https:\/\/bglilienfeld.ac.at\/cms_wordpress\/elternverein\/\" \/>\n<meta property=\"og:site_name\" content=\"BG BRG Lilienfeld\" \/>\n<meta property=\"article:publisher\" content=\"https:\/\/facebook.com\/martin.komar.9081\" \/>\n<meta property=\"article:modified_time\" content=\"2025-11-20T11:04:03+00:00\" \/>\n<meta name=\"twitter:card\" content=\"summary_large_image\" \/>\n<meta name=\"twitter:label1\" content=\"Gesch\u00e4tzte Lesezeit\" \/>\n\t<meta name=\"twitter:data1\" content=\"4 Minuten\" \/>\n<script type=\"application\/ld+json\" class=\"yoast-schema-graph\">{\"@context\":\"https:\\\/\\\/schema.org\",\"@graph\":[{\"@type\":\"WebPage\",\"@id\":\"https:\\\/\\\/bglilienfeld.ac.at\\\/cms_wordpress\\\/elternverein\\\/\",\"url\":\"https:\\\/\\\/bglilienfeld.ac.at\\\/cms_wordpress\\\/elternverein\\\/\",\"name\":\"Elternverein - BG BRG Lilienfeld\",\"isPartOf\":{\"@id\":\"https:\\\/\\\/bglilienfeld.ac.at\\\/cms_wordpress\\\/#website\"},\"datePublished\":\"2020-02-03T13:24:01+00:00\",\"dateModified\":\"2025-11-20T11:04:03+00:00\",\"breadcrumb\":{\"@id\":\"https:\\\/\\\/bglilienfeld.ac.at\\\/cms_wordpress\\\/elternverein\\\/#breadcrumb\"},\"inLanguage\":\"de-AT\",\"potentialAction\":[{\"@type\":\"ReadAction\",\"target\":[\"https:\\\/\\\/bglilienfeld.ac.at\\\/cms_wordpress\\\/elternverein\\\/\"]}]},{\"@type\":\"BreadcrumbList\",\"@id\":\"https:\\\/\\\/bglilienfeld.ac.at\\\/cms_wordpress\\\/elternverein\\\/#breadcrumb\",\"itemListElement\":[{\"@type\":\"ListItem\",\"position\":1,\"name\":\"Startseite\",\"item\":\"https:\\\/\\\/bglilienfeld.ac.at\\\/cms_wordpress\\\/\"},{\"@type\":\"ListItem\",\"position\":2,\"name\":\"Elternverein\"}]},{\"@type\":\"WebSite\",\"@id\":\"https:\\\/\\\/bglilienfeld.ac.at\\\/cms_wordpress\\\/#website\",\"url\":\"https:\\\/\\\/bglilienfeld.ac.at\\\/cms_wordpress\\\/\",\"name\":\"BG BRG Lilienfeld\",\"description\":\"Der sinnvollste Zeitvertreib bis zum Wochenende\",\"potentialAction\":[{\"@type\":\"SearchAction\",\"target\":{\"@type\":\"EntryPoint\",\"urlTemplate\":\"https:\\\/\\\/bglilienfeld.ac.at\\\/cms_wordpress\\\/?s={search_term_string}\"},\"query-input\":{\"@type\":\"PropertyValueSpecification\",\"valueRequired\":true,\"valueName\":\"search_term_string\"}}],\"inLanguage\":\"de-AT\"}]}<\/script>\n<!-- \/ Yoast SEO plugin. -->","yoast_head_json":{"title":"Elternverein - BG BRG Lilienfeld","robots":{"index":"index","follow":"follow","max-snippet":"max-snippet:-1","max-image-preview":"max-image-preview:large","max-video-preview":"max-video-preview:-1"},"canonical":"https:\/\/bglilienfeld.ac.at\/cms_wordpress\/elternverein\/","og_locale":"de_DE","og_type":"article","og_title":"Elternverein - BG BRG Lilienfeld","og_description":"Herzlich Willkommen beim Elternverein des Gymnasiums Lilienfeld! Der Elternverein m\u00f6chte Eltern und Sch\u00fclerInnen w\u00e4hrend der Schulzeit begleiten, mit Rat, Hilfe und Informationen zur Seite stehen, um die Schulzeit so angenehm wie m\u00f6glich zu gestalten. Wir verstehen uns als Bindeglied zwischen Elternhaus und Schule. Wo unterst\u00fctzen wir? Wo unterst\u00fctzen wir? Nachhilfe von Sch\u00fclerInnen f\u00fcr Sch\u00fclerInnen Wir haben ein internes Nachhilfe-System ins &hellip; Continue reading \"Elternverein\"","og_url":"https:\/\/bglilienfeld.ac.at\/cms_wordpress\/elternverein\/","og_site_name":"BG BRG Lilienfeld","article_publisher":"https:\/\/facebook.com\/martin.komar.9081","article_modified_time":"2025-11-20T11:04:03+00:00","twitter_card":"summary_large_image","twitter_misc":{"Gesch\u00e4tzte Lesezeit":"4 Minuten"},"schema":{"@context":"https:\/\/schema.org","@graph":[{"@type":"WebPage","@id":"https:\/\/bglilienfeld.ac.at\/cms_wordpress\/elternverein\/","url":"https:\/\/bglilienfeld.ac.at\/cms_wordpress\/elternverein\/","name":"Elternverein - BG BRG Lilienfeld","isPartOf":{"@id":"https:\/\/bglilienfeld.ac.at\/cms_wordpress\/#website"},"datePublished":"2020-02-03T13:24:01+00:00","dateModified":"2025-11-20T11:04:03+00:00","breadcrumb":{"@id":"https:\/\/bglilienfeld.ac.at\/cms_wordpress\/elternverein\/#breadcrumb"},"inLanguage":"de-AT","potentialAction":[{"@type":"ReadAction","target":["https:\/\/bglilienfeld.ac.at\/cms_wordpress\/elternverein\/"]}]},{"@type":"BreadcrumbList","@id":"https:\/\/bglilienfeld.ac.at\/cms_wordpress\/elternverein\/#breadcrumb","itemListElement":[{"@type":"ListItem","position":1,"name":"Startseite","item":"https:\/\/bglilienfeld.ac.at\/cms_wordpress\/"},{"@type":"ListItem","position":2,"name":"Elternverein"}]},{"@type":"WebSite","@id":"https:\/\/bglilienfeld.ac.at\/cms_wordpress\/#website","url":"https:\/\/bglilienfeld.ac.at\/cms_wordpress\/","name":"BG BRG Lilienfeld","description":"Der sinnvollste Zeitvertreib bis zum Wochenende","potentialAction":[{"@type":"SearchAction","target":{"@type":"EntryPoint","urlTemplate":"https:\/\/bglilienfeld.ac.at\/cms_wordpress\/?s={search_term_string}"},"query-input":{"@type":"PropertyValueSpecification","valueRequired":true,"valueName":"search_term_string"}}],"inLanguage":"de-AT"}]}},"_links":{"self":[{"href":"https:\/\/bglilienfeld.ac.at\/cms_wordpress\/wp-json\/wp\/v2\/pages\/307","targetHints":{"allow":["GET"]}}],"collection":[{"href":"https:\/\/bglilienfeld.ac.at\/cms_wordpress\/wp-json\/wp\/v2\/pages"}],"about":[{"href":"https:\/\/bglilienfeld.ac.at\/cms_wordpress\/wp-json\/wp\/v2\/types\/page"}],"author":[{"embeddable":true,"href":"https:\/\/bglilienfeld.ac.at\/cms_wordpress\/wp-json\/wp\/v2\/users\/1"}],"replies":[{"embeddable":true,"href":"https:\/\/bglilienfeld.ac.at\/cms_wordpress\/wp-json\/wp\/v2\/comments?post=307"}],"version-history":[{"count":36,"href":"https:\/\/bglilienfeld.ac.at\/cms_wordpress\/wp-json\/wp\/v2\/pages\/307\/revisions"}],"predecessor-version":[{"id":4448,"href":"https:\/\/bglilienfeld.ac.at\/cms_wordpress\/wp-json\/wp\/v2\/pages\/307\/revisions\/4448"}],"wp:attachment":[{"href":"https:\/\/bglilienfeld.ac.at\/cms_wordpress\/wp-json\/wp\/v2\/media?parent=307"}],"curies":[{"name":"wp","href":"https:\/\/api.w.org\/{rel}","templated":true}]}}